{"id":274,"date":"2020-09-26T19:45:35","date_gmt":"2020-09-26T22:45:35","guid":{"rendered":"http:\/\/metalsoft.com.br\/?page_id=274"},"modified":"2021-05-09T22:29:02","modified_gmt":"2021-05-10T01:29:02","slug":"balanca-autonoma","status":"publish","type":"page","link":"https:\/\/metalsoft.com.br\/metalsoft\/balanca-autonoma\/","title":{"rendered":"Balan\u00e7a Aut\u00f4noma"},"content":{"rendered":"\t\t<div data-elementor-type=\"wp-page\" data-elementor-id=\"274\" class=\"elementor elementor-274\" data-elementor-settings=\"[]\">\n\t\t\t\t\t\t<div class=\"elementor-inner\">\n\t\t\t\t\t\t\t<div class=\"elementor-section-wrap\">\n\t\t\t\t\t\t\t<section class=\"elementor-section elementor-top-section elementor-element elementor-element-bd36eb3 elementor-section-boxed elementor-section-height-default elementor-section-height-default\" data-id=\"bd36eb3\" data-element_type=\"section\" id=\"neti-balancaautonoma-section\">\n\t\t\t\t\t\t<div class=\"elementor-container elementor-column-gap-default\">\n\t\t\t\t\t\t\t<div class=\"elementor-row\">\n\t\t\t\t\t<div class=\"elementor-column elementor-col-50 elementor-top-column elementor-element elementor-element-f66e51c\" data-id=\"f66e51c\" data-element_type=\"column\">\n\t\t\t<div class=\"elementor-column-wrap elementor-element-populated\">\n\t\t\t\t\t\t\t<div class=\"elementor-widget-wrap\">\n\t\t\t\t\t\t<div class=\"elementor-element elementor-element-18ce237 hr-pre-title elementor-widget-divider--view-line elementor-widget elementor-widget-divider\" data-id=\"18ce237\" data-element_type=\"widget\" data-widget_type=\"divider.default\">\n\t\t\t\t<div class=\"elementor-widget-container\">\n\t\t\t\t\t<div class=\"elementor-divider\">\n\t\t\t<span class=\"elementor-divider-separator\">\n\t\t\t\t\t\t<\/span>\n\t\t<\/div>\n\t\t\t\t<\/div>\n\t\t\t\t<\/div>\n\t\t\t\t<div class=\"elementor-element elementor-element-f9c6ed6 pre-title elementor-widget elementor-widget-text-editor\" data-id=\"f9c6ed6\" data-element_type=\"widget\" data-widget_type=\"text-editor.default\">\n\t\t\t\t<div class=\"elementor-widget-container\">\n\t\t\t\t\t\t\t\t<div class=\"elementor-text-editor elementor-clearfix\">\n\t\t\t\t\t<p>AUTOMA\u00c7\u00c3O SEM BALANCEIROS<\/p>\t\t\t\t\t<\/div>\n\t\t\t\t\t\t<\/div>\n\t\t\t\t<\/div>\n\t\t\t\t<div class=\"elementor-element elementor-element-3806c1b elementor-widget elementor-widget-heading\" data-id=\"3806c1b\" data-element_type=\"widget\" data-widget_type=\"heading.default\">\n\t\t\t\t<div class=\"elementor-widget-container\">\n\t\t\t<h1 class=\"elementor-heading-title elementor-size-default\">Balan\u00e7a Aut\u00f4noma<\/h1>\t\t<\/div>\n\t\t\t\t<\/div>\n\t\t\t\t<div class=\"elementor-element elementor-element-af7dbad elementor-widget elementor-widget-text-editor\" data-id=\"af7dbad\" data-element_type=\"widget\" data-widget_type=\"text-editor.default\">\n\t\t\t\t<div class=\"elementor-widget-container\">\n\t\t\t\t\t\t\t\t<div class=\"elementor-text-editor elementor-clearfix\">\n\t\t\t\t\t<p><em><strong>Voc\u00ea j\u00e1 imaginou sua sider\u00fargica operando sem balanceiros e economizando este custo?<\/strong><\/em><\/p><p>Conhe\u00e7a o nosso <strong>Sistema de Balan\u00e7a Aut\u00f4noma<\/strong>: um sistema in\u00e9dito no Setor de Ferro Gusa, pensado para operar sem balanceiros, trazendo redu\u00e7\u00e3o de custos e maior efic\u00e1cia operacional, elementos essenciais em um segmento de comodities. Este recurso j\u00e1 est\u00e1 dispon\u00edvel e foi constru\u00eddo atrav\u00e9s da automa\u00e7\u00e3o plena dos processos da balan\u00e7a de forma totalmente integrada ao nosso ERP, o <a href=\"\/neti-siderurgia\"><strong>NETi Siderurgia<\/strong><\/a>.<\/p>\t\t\t\t\t<\/div>\n\t\t\t\t\t\t<\/div>\n\t\t\t\t<\/div>\n\t\t\t\t\t\t<\/div>\n\t\t\t\t\t<\/div>\n\t\t<\/div>\n\t\t\t\t<div class=\"elementor-column elementor-col-50 elementor-top-column elementor-element elementor-element-5373743\" data-id=\"5373743\" data-element_type=\"column\">\n\t\t\t<div class=\"elementor-column-wrap elementor-element-populated\">\n\t\t\t\t\t\t\t<div class=\"elementor-widget-wrap\">\n\t\t\t\t\t\t<div class=\"elementor-element elementor-element-9175574 elementor-aspect-ratio-169 elementor-widget elementor-widget-video\" data-id=\"9175574\" data-element_type=\"widget\" data-settings=\"{&quot;youtube_url&quot;:&quot;https:\\\/\\\/www.youtube.com\\\/watch?v=Cv-QKjrPepw&quot;,&quot;video_type&quot;:&quot;youtube&quot;,&quot;controls&quot;:&quot;yes&quot;,&quot;aspect_ratio&quot;:&quot;169&quot;}\" data-widget_type=\"video.default\">\n\t\t\t\t<div class=\"elementor-widget-container\">\n\t\t\t\t\t<div class=\"elementor-wrapper elementor-fit-aspect-ratio elementor-open-inline\">\n\t\t\t<div class=\"elementor-video\"><\/div>\t\t<\/div>\n\t\t\t\t<\/div>\n\t\t\t\t<\/div>\n\t\t\t\t\t\t<\/div>\n\t\t\t\t\t<\/div>\n\t\t<\/div>\n\t\t\t\t\t\t\t\t<\/div>\n\t\t\t\t\t<\/div>\n\t\t<\/section>\n\t\t\t\t<section class=\"elementor-section elementor-top-section elementor-element elementor-element-789544c box-monitoramento elementor-section-boxed elementor-section-height-default elementor-section-height-default\" data-id=\"789544c\" data-element_type=\"section\">\n\t\t\t\t\t\t<div class=\"elementor-container elementor-column-gap-default\">\n\t\t\t\t\t\t\t<div class=\"elementor-row\">\n\t\t\t\t\t<div class=\"elementor-column elementor-col-100 elementor-top-column elementor-element elementor-element-e5c9e21\" data-id=\"e5c9e21\" data-element_type=\"column\">\n\t\t\t<div class=\"elementor-column-wrap elementor-element-populated\">\n\t\t\t\t\t\t\t<div class=\"elementor-widget-wrap\">\n\t\t\t\t\t\t<div class=\"elementor-element elementor-element-1134531 elementor-widget elementor-widget-heading\" data-id=\"1134531\" data-element_type=\"widget\" data-widget_type=\"heading.default\">\n\t\t\t\t<div class=\"elementor-widget-container\">\n\t\t\t<h3 class=\"elementor-heading-title elementor-size-default\">Benef\u00edcios da Balan\u00e7a Aut\u00f4noma:<\/h3>\t\t<\/div>\n\t\t\t\t<\/div>\n\t\t\t\t<div class=\"elementor-element elementor-element-769c950 elementor-widget elementor-widget-text-editor\" data-id=\"769c950\" data-element_type=\"widget\" data-widget_type=\"text-editor.default\">\n\t\t\t\t<div class=\"elementor-widget-container\">\n\t\t\t\t\t\t\t\t<div class=\"elementor-text-editor elementor-clearfix\">\n\t\t\t\t\t<ul><li>Possibilitar um quadro ainda mais enxuto de funcion\u00e1rios, garantindo <strong>menor custo operacional<\/strong>;<\/li><li><strong>Evitar depend\u00eancia de MO<\/strong> e do risco de absente\u00edsmo por falta ou atraso ao trabalho;<\/li><li>Reduzir o <strong>risco trabalhista<\/strong>;<\/li><li>Tornar ainda mais autom\u00e1tico os processos da balan\u00e7a, independentes da opera\u00e7\u00e3o humana, <strong>reduzindo erros e inibindo fraudes<\/strong>;<\/li><li>Proporcionar maior <strong>efic\u00e1cia operacional<\/strong> atrav\u00e9s de uma automa\u00e7\u00e3o especialista e totalmente integrada ao ERP;<\/li><li>Lan\u00e7ar m\u00e3o de um projeto de <strong>investimento moderado, implanta\u00e7\u00e3o \u00e1gil e retorno imediato<\/strong>.<\/li><\/ul>\t\t\t\t\t<\/div>\n\t\t\t\t\t\t<\/div>\n\t\t\t\t<\/div>\n\t\t\t\t\t\t<\/div>\n\t\t\t\t\t<\/div>\n\t\t<\/div>\n\t\t\t\t\t\t\t\t<\/div>\n\t\t\t\t\t<\/div>\n\t\t<\/section>\n\t\t\t\t\t\t<\/div>\n\t\t\t\t\t\t<\/div>\n\t\t\t\t\t<\/div>\n\t\t","protected":false},"excerpt":{"rendered":"<p>AUTOMA\u00c7\u00c3O SEM BALANCEIROS Balan\u00e7a Aut\u00f4noma Voc\u00ea j\u00e1 imaginou sua sider\u00fargica operando sem balanceiros e economizando este custo? Conhe\u00e7a o nosso Sistema de Balan\u00e7a Aut\u00f4noma: um sistema in\u00e9dito no Setor de Ferro Gusa, pensado para operar sem balanceiros, trazendo redu\u00e7\u00e3o de custos e maior efic\u00e1cia operacional, elementos essenciais em um segmento de comodities. Este recurso j\u00e1 [&hellip;]<\/p>\n","protected":false},"author":1,"featured_media":0,"parent":0,"menu_order":0,"comment_status":"closed","ping_status":"closed","template":"fullwidth100.php","meta":[],"_links":{"self":[{"href":"https:\/\/metalsoft.com.br\/metalsoft\/wp-json\/wp\/v2\/pages\/274"}],"collection":[{"href":"https:\/\/metalsoft.com.br\/metalsoft\/wp-json\/wp\/v2\/pages"}],"about":[{"href":"https:\/\/metalsoft.com.br\/metalsoft\/wp-json\/wp\/v2\/types\/page"}],"author":[{"embeddable":true,"href":"https:\/\/metalsoft.com.br\/metalsoft\/wp-json\/wp\/v2\/users\/1"}],"replies":[{"embeddable":true,"href":"https:\/\/metalsoft.com.br\/metalsoft\/wp-json\/wp\/v2\/comments?post=274"}],"version-history":[{"count":11,"href":"https:\/\/metalsoft.com.br\/metalsoft\/wp-json\/wp\/v2\/pages\/274\/revisions"}],"predecessor-version":[{"id":594,"href":"https:\/\/metalsoft.com.br\/metalsoft\/wp-json\/wp\/v2\/pages\/274\/revisions\/594"}],"wp:attachment":[{"href":"https:\/\/metalsoft.com.br\/metalsoft\/wp-json\/wp\/v2\/media?parent=274"}],"curies":[{"name":"wp","href":"https:\/\/api.w.org\/{rel}","templated":true}]}}